mmon factor of 2052 and 741.
57
Calculate the highest common divisor of 70 and 3710.
70
Calculate the greatest common divisor of 697 and 1763.
41
Calculate the greatest common factor of 160 and 9140.
20
What is the highest common divisor of 117 and 9?
9
What is the highest common factor of 9163 and 595?
119
What is the highest common divisor of 15 and 25?
5
What is the greatest common factor of 187 and 143?
11
Calculate the greatest common factor of 30 and 44.
2
What is the greatest common factor of 19870 and 10?
10
Calculate the highest common factor of 420 and 120.
60
Calculate the highest common factor of 88 and 22.
22
What is the greatest common factor of 828 and 54?
18
Calculate the greatest common divisor of 80 and 2480.
80
What is the greatest common factor of 480 and 5010?
30
Calculate the highest common divisor of 801 and 712.
89
Calculate the greatest common divisor of 364 and 13741.
91
Calculate the highest common factor of 2 and 2246.
2
Calculate the greatest common factor of 18232 and 43.
43
Calculate the highest common factor of 37 and 185.
37
Calculate the highest common divisor of 24 and 1272.
24
What is the highest common divisor of 112 and 644?
28
What is the greatest common factor of 2282 and 14?
14
What is the highest common divisor of 136 and 6120?
136
What is the highest common factor of 2489 and 19?
19
What is the highest common divisor of 531 and 59?
59
Calculate the greatest common divisor of 1349 and 114.
19
Calculate the highest common divisor of 138 and 25070.
46
Calculate the highest common factor of 612 and 36.
36
What is the highest common divisor of 21 and 651?
21
What is the greatest common factor of 699 and 3?
3
Calculate the highest common factor of 57 and 57.
57
What is the greatest common factor of 290 and 174?
58
What is the greatest common divisor of 132 and 192?
12
What is the highest common divisor of 28531 and 831?
277
Calculate the highest common factor of 480 and 1824.
96
What is the highest common factor of 54 and 306?
18
What is the greatest common factor of 888 and 36?
12
What is the greatest common factor of 26 and 182?
26
What is the greatest common factor of 120 and 165?
15
Calculate the greatest common factor of 2 and 11684.
2
What is the highest common factor of 19 and 5263?
19
What is the highest common factor of 160 and 980?
20
What is the greatest common factor of 30 and 5685?
15
Calculate the greatest common factor of 98 and 518.
14
Calculate the greatest common factor of 67 and 2747.
67
Calculate the greatest common divisor of 207 and 3243.
69
What is the highest common factor of 84 and 6540?
12
Calculate the highest common divisor of 1953 and 21.
21
Calculate the highest common divisor of 7689 and 33.
33
What is the highest common divisor of 374 and 493?
17
Calculate the highest common factor of 120 and 1640.
40
Calculate the greatest common divisor of 35 and 1855.
35
What is the greatest common divisor of 51 and 204?
51
Calculate the highest common divisor of 2501 and 41.
41
What is the greatest common divisor of 984 and 24?
24
What is the highest common factor of 413 and 649?
59
Calculate the greatest common divisor of 16 and 32.
16
What is the highest common factor of 448 and 752?
16
What is the greatest common factor of 464 and 261?
29
What is the highest common factor of 60 and 20?
20
Calculate the highest common factor of 18 and 1233.
9
Calculate the greatest common factor of 39 and 585.
39
What is the greatest common divisor of 297 and 121?
11
What is the greatest common divisor of 57 and 855?
57
What is the greatest common divisor of 576 and 432?
144
Calculate the highest common factor of 15 and 95.
5
What is the highest common divisor of 488 and 352?
8
Calculate the highest common divisor of 37460 and 4.
4
What is the greatest common factor of 1760 and 30?
10
Calculate the highest common divisor of 470 and 10.
10
Calculate the highest common factor of 23 and 4.
1
What is the highest common divisor of 10 and 215?
5
What is the highest common divisor of 75 and 1290?
15
Calculate the greatest common divisor of 32 and 160.
32
What is the greatest common factor of 220 and 385?
55
Calculate the greatest common factor of 54 and 78.
6
What is the greatest common factor of 13 and 3?
1
Calculate the greatest common factor of 665 and 161.
7
What is the highest common factor of 44 and 9636?
44
What is the highest common factor of 4368 and 1274?
182
Calculate the greatest common factor of 11 and 45.
1
Calculate the highest common divisor of 1 and 61.
1
Calculate the highest common divisor of 44 and 16.
4
What is the greatest common factor of 16 and 76?
4
What is the highest common divisor of 81 and 72?
9
What is the highest common divisor of 2132 and 574?
82
What is the highest common factor of 8 and 248?
8
What is the highest common factor of 279 and 9?
9
Calculate the highest common divisor of 168 and 224.
56
Calculate the greatest common factor of 240 and 165.
15
What is the greatest common divisor of 49 and 1043?
7
Calculate the highest common factor of 20 and 6.
2
Calculate the greatest common divisor of 806 and 39.
13
What is the highest common divisor of 4616 and 16?
8
What is the greatest common divisor of 2028 and 12?
12
What is the highest common divisor of 208 and 2860?
52
What is the greatest common factor of 112 and 72?
8
What is the highest common factor of 6700 and 268?
268
What is the highest common divisor of 410 and 70?
10
Calculate the highest common factor of 741 and 228.
57
What is the highest common factor of 184 and 46?
46
Calculate the greatest common factor of 23 and 161.
23
Calculate the highest common factor of 9792 and 432.
144
Calculate the highest common divisor of 32 and 24.
8
What is the highest common divisor of 5 and 685?
5
Calculate the greatest common divisor of 1325 and 225.
25
Calculate the highest common divisor of 1800 and 1980.
180
What is the highest common divisor of 736 and 16?
16
What is the greatest common divisor of 81435 and 89?
89
Calculate the greatest common divisor of 105 and 32655.
105
What is the greatest common factor of 15 and 54?
3
What is the highest common divisor of 19888 and 176?
176
Calculate the greatest common divisor of 125 and 225.
25
What is the greatest common factor of 134 and 3551?
67
Calculate the highest common factor of 44 and 20.
4
What is the highest common divisor of 236 and 11446?
118
Calculate the highest common divisor of 2839 and 136.
17
What is the greatest common divisor of 950 and 700?
50
Calculate the greatest common factor of 224 and 736.
32
What is the highest common factor of 13 and 44161?
13
Calculate the highest common factor of 15 and 70.
5
Calculate the highest common divisor of 132 and 28.
4
Calculate the greatest common factor of 58 and 32.
2
What is the greatest common factor of 12 and 138?
6
What is the greatest common factor of 665 and 35?
35
Calculate the greatest common factor of 6 and 174.
6
What is the greatest common divisor of 43 and 129?
43
Calculate the greatest common divisor of 133 and 5453.
133
Calculate the greatest common factor of 12407 and 19.
19
What is the highest common divisor of 1843 and 97?
97
What is the greatest common factor of 380 and 17765?
95
What is the greatest common factor of 248 and 32?
8
What is the greatest common factor of 130 and 52?
26
What is the highest common factor of 30 and 1875?
15
Calculate the greatest common divisor of 34 and 5117.
17
What is the greatest common factor of 1647 and 1586?
61
What is the highest common factor of 1472 and 46?
46
Calculate the greatest common divisor of 45 and 120.
15
What is the highest common divisor of 3376 and 633?
211
Calculate the highest common divisor of 342 and 2565.
171
What is the greatest common factor of 67833 and 9?
9
Calculate the highest common divisor of 1012 and 3212.
44
What is the greatest common divisor of 45 and 25?
5
Calculate the greatest common divisor of 110 and 1034.
22
What is the greatest common divisor of 40 and 3248?
8
Calculate the highest common divisor of 34 and 663.
17
Calculate the greatest common divisor of 247 and 19.
19
What is the greatest common factor of 552 and 60?
12
Calculate the greatest common divisor of 150 and 102.
6
Calculate the greatest common factor of 105 and 21.
2